{"id":12,"date":"2023-10-22T16:41:36","date_gmt":"2023-10-22T16:41:36","guid":{"rendered":"https:\/\/sserpri.com\/?page_id=12"},"modified":"2023-10-28T17:07:48","modified_gmt":"2023-10-28T17:07:48","slug":"home","status":"publish","type":"page","link":"https:\/\/sserpri.com\/","title":{"rendered":"Home"},"content":{"rendered":"\t\t<div data-elementor-type=\"wp-page\" data-elementor-id=\"12\" class=\"elementor elementor-12\" data-elementor-post-type=\"page\">\n\t\t\t\t\t\t\t<div class=\"elementor-element elementor-element-ebac616 e-flex e-con-boxed elementor-invisible e-con e-parent\" data-id=\"ebac616\" data-element_type=\"container\" data-settings=\"{&quot;animation&quot;:&quot;fadeIn&quot;,&quot;content_width&quot;:&quot;boxed&quot;}\" data-core-v316-plus=\"true\">\n\t\t\t\t\t<div class=\"e-con-inner\">\n\t\t<div class=\"elementor-element elementor-element-b296cd6 e-con-full e-flex e-con e-child\" data-id=\"b296cd6\" data-element_type=\"container\" data-settings=\"{&quot;content_width&quot;:&quot;full&quot;}\">\n\t\t\t\t<div class=\"elementor-element elementor-element-17f7bb7 elementor-widget elementor-widget-image\" data-id=\"17f7bb7\" data-element_type=\"widget\" data-widget_type=\"image.default\">\n\t\t\t\t<div class=\"elementor-widget-container\">\n\t\t\t<style>\/*! elementor - v3.18.0 - 20-12-2023 *\/\n.elementor-widget-image{text-align:center}.elementor-widget-image a{display:inline-block}.elementor-widget-image a img[src$=\".svg\"]{width:48px}.elementor-widget-image img{vertical-align:middle;display:inline-block}<\/style>\t\t\t\t\t\t\t\t\t\t\t\t<img fetchpriority=\"high\" decoding=\"async\" width=\"1024\" height=\"588\" src=\"https:\/\/sserpri.com\/wp-content\/uploads\/2023\/10\/oficial.png\" class=\"attachment-large size-large wp-image-65\" alt=\"\" srcset=\"https:\/\/sserpri.com\/wp-content\/uploads\/2023\/10\/oficial.png 1024w, https:\/\/sserpri.com\/wp-content\/uploads\/2023\/10\/oficial-300x172.png 300w, https:\/\/sserpri.com\/wp-content\/uploads\/2023\/10\/oficial-768x441.png 768w\" sizes=\"(max-width: 1024px) 100vw, 1024px\" \/>\t\t\t\t\t\t\t\t\t\t\t\t\t\t\t<\/div>\n\t\t\t\t<\/div>\n\t\t\t\t<\/div>\n\t\t<div class=\"elementor-element elementor-element-d413df1 e-con-full e-flex e-con e-child\" data-id=\"d413df1\" data-element_type=\"container\" data-settings=\"{&quot;content_width&quot;:&quot;full&quot;}\">\n\t\t\t\t<div class=\"elementor-element elementor-element-00db3d8 elementor-widget elementor-widget-heading\" data-id=\"00db3d8\" data-element_type=\"widget\" data-widget_type=\"heading.default\">\n\t\t\t\t<div class=\"elementor-widget-container\">\n\t\t\t<style>\/*! elementor - v3.18.0 - 20-12-2023 *\/\n.elementor-heading-title{padding:0;margin:0;line-height:1}.elementor-widget-heading .elementor-heading-title[class*=elementor-size-]>a{color:inherit;font-size:inherit;line-height:inherit}.elementor-widget-heading .elementor-heading-title.elementor-size-small{font-size:15px}.elementor-widget-heading .elementor-heading-title.elementor-size-medium{font-size:19px}.elementor-widget-heading .elementor-heading-title.elementor-size-large{font-size:29px}.elementor-widget-heading .elementor-heading-title.elementor-size-xl{font-size:39px}.elementor-widget-heading .elementor-heading-title.elementor-size-xxl{font-size:59px}<\/style><h2 class=\"elementor-heading-title elementor-size-default\">\u00bfQui\u00e9nes somos?<\/h2>\t\t<\/div>\n\t\t\t\t<\/div>\n\t\t\t\t<div class=\"elementor-element elementor-element-9f22de1 elementor-widget elementor-widget-text-editor\" data-id=\"9f22de1\" data-element_type=\"widget\" data-widget_type=\"text-editor.default\">\n\t\t\t\t<div class=\"elementor-widget-container\">\n\t\t\t<style>\/*! elementor - v3.18.0 - 20-12-2023 *\/\n.elementor-widget-text-editor.elementor-drop-cap-view-stacked .elementor-drop-cap{background-color:#69727d;color:#fff}.elementor-widget-text-editor.elementor-drop-cap-view-framed .elementor-drop-cap{color:#69727d;border:3px solid;background-color:transparent}.elementor-widget-text-editor:not(.elementor-drop-cap-view-default) .elementor-drop-cap{margin-top:8px}.elementor-widget-text-editor:not(.elementor-drop-cap-view-default) .elementor-drop-cap-letter{width:1em;height:1em}.elementor-widget-text-editor .elementor-drop-cap{float:left;text-align:center;line-height:1;font-size:50px}.elementor-widget-text-editor .elementor-drop-cap-letter{display:inline-block}<\/style>\t\t\t\t<p>Servicios de Seguridad Privada <strong>SERPRI S.R.L.,<\/strong> se form\u00f3 y comenz\u00f3 sus labores en el a\u00f1o 2008 desde entonces y de manera ininterrumpida brindando servicios de vigilancia y seguridad privada, seguridad personal, comercial, industrial, CCT-V, cercas el\u00e9ctricas, consultor\u00edas e investigaci\u00f3n a empresas transnacionales.<\/p><p>Nos hemos consolidado mediante una cultura corporativa que identifica, aprovecha y desarrolla el talento humano para crear sinergias en nuestras distintas actividades.<\/p><p>Nuestros esfuerzos est\u00e1n concentrados en entregar servicios con calidad, integridad, discreci\u00f3n y profesionalismo.<\/p>\t\t\t\t\t\t<\/div>\n\t\t\t\t<\/div>\n\t\t\t\t<\/div>\n\t\t\t\t\t<\/div>\n\t\t\t\t<\/div>\n\t\t<div class=\"elementor-element elementor-element-5b5fdda e-flex e-con-boxed elementor-invisible e-con e-parent\" data-id=\"5b5fdda\" data-element_type=\"container\" data-settings=\"{&quot;animation&quot;:&quot;fadeIn&quot;,&quot;content_width&quot;:&quot;boxed&quot;}\" data-core-v316-plus=\"true\">\n\t\t\t\t\t<div class=\"e-con-inner\">\n\t\t<div class=\"elementor-element elementor-element-53d0796 e-con-full e-flex e-con e-child\" data-id=\"53d0796\" data-element_type=\"container\" data-settings=\"{&quot;content_width&quot;:&quot;full&quot;}\">\n\t\t\t\t<div class=\"elementor-element elementor-element-8424c2d elementor-widget elementor-widget-image\" data-id=\"8424c2d\" data-element_type=\"widget\" data-widget_type=\"image.default\">\n\t\t\t\t<div class=\"elementor-widget-container\">\n\t\t\t\t\t\t\t\t\t\t\t\t\t\t\t<img decoding=\"async\" width=\"800\" height=\"800\" src=\"https:\/\/sserpri.com\/wp-content\/uploads\/2023\/10\/Mision_3.png\" class=\"attachment-full size-full wp-image-71\" alt=\"\" srcset=\"https:\/\/sserpri.com\/wp-content\/uploads\/2023\/10\/Mision_3.png 800w, https:\/\/sserpri.com\/wp-content\/uploads\/2023\/10\/Mision_3-300x300.png 300w, https:\/\/sserpri.com\/wp-content\/uploads\/2023\/10\/Mision_3-150x150.png 150w, https:\/\/sserpri.com\/wp-content\/uploads\/2023\/10\/Mision_3-768x768.png 768w\" sizes=\"(max-width: 800px) 100vw, 800px\" \/>\t\t\t\t\t\t\t\t\t\t\t\t\t\t\t<\/div>\n\t\t\t\t<\/div>\n\t\t\t\t<\/div>\n\t\t<div class=\"elementor-element elementor-element-fab68b5 e-con-full e-flex e-con e-child\" data-id=\"fab68b5\" data-element_type=\"container\" data-settings=\"{&quot;content_width&quot;:&quot;full&quot;}\">\n\t\t\t\t<div class=\"elementor-element elementor-element-b221311 elementor-widget elementor-widget-heading\" data-id=\"b221311\" data-element_type=\"widget\" data-widget_type=\"heading.default\">\n\t\t\t\t<div class=\"elementor-widget-container\">\n\t\t\t<h2 class=\"elementor-heading-title elementor-size-default\">Misi\u00f3n<\/h2>\t\t<\/div>\n\t\t\t\t<\/div>\n\t\t\t\t<div class=\"elementor-element elementor-element-095ef28 elementor-widget elementor-widget-text-editor\" data-id=\"095ef28\" data-element_type=\"widget\" data-widget_type=\"text-editor.default\">\n\t\t\t\t<div class=\"elementor-widget-container\">\n\t\t\t\t\t\t\t<p>Brindar un eficiente servicio de seguridad a las empresas e instituciones, que minimice los riesgos y aumente la confianza en los \u00e1mbitos donde se desarrollan las tareas diariamente. Teniendo en cuenta nuestra trayectoria, capacidad y profesionalismo en materia en seguridad\u00a0\u00a0 nos permite satisfacer las necesidades y expectativas del cliente.<\/p>\t\t\t\t\t\t<\/div>\n\t\t\t\t<\/div>\n\t\t\t\t<div class=\"elementor-element elementor-element-4d4216b elementor-widget elementor-widget-heading\" data-id=\"4d4216b\" data-element_type=\"widget\" data-widget_type=\"heading.default\">\n\t\t\t\t<div class=\"elementor-widget-container\">\n\t\t\t<h2 class=\"elementor-heading-title elementor-size-default\">Visi\u00f3n<\/h2>\t\t<\/div>\n\t\t\t\t<\/div>\n\t\t\t\t<div class=\"elementor-element elementor-element-892aabd elementor-widget elementor-widget-text-editor\" data-id=\"892aabd\" data-element_type=\"widget\" data-widget_type=\"text-editor.default\">\n\t\t\t\t<div class=\"elementor-widget-container\">\n\t\t\t\t\t\t\t<p><em>Ser la empresa l\u00edder a nivel nacional y con presencia internacional en la prestaci\u00f3n de servicios de vigilancia y seguridad privada, reconocida por su confiabilidad, eficiencia y compromiso con nuestros clientes.<\/em><\/p>\t\t\t\t\t\t<\/div>\n\t\t\t\t<\/div>\n\t\t\t\t<\/div>\n\t\t\t\t\t<\/div>\n\t\t\t\t<\/div>\n\t\t<div class=\"elementor-element elementor-element-a11d91d e-flex e-con-boxed elementor-invisible e-con e-parent\" data-id=\"a11d91d\" data-element_type=\"container\" data-settings=\"{&quot;animation&quot;:&quot;fadeIn&quot;,&quot;content_width&quot;:&quot;boxed&quot;}\" data-core-v316-plus=\"true\">\n\t\t\t\t\t<div class=\"e-con-inner\">\n\t\t<div class=\"elementor-element elementor-element-ba407d4 e-con-full e-flex e-con e-child\" data-id=\"ba407d4\" data-element_type=\"container\" data-settings=\"{&quot;content_width&quot;:&quot;full&quot;}\">\n\t\t\t\t<div class=\"elementor-element elementor-element-8b4fff7 elementor-widget elementor-widget-image\" data-id=\"8b4fff7\" data-element_type=\"widget\" data-widget_type=\"image.default\">\n\t\t\t\t<div class=\"elementor-widget-container\">\n\t\t\t\t\t\t\t\t\t\t\t\t\t\t\t<img decoding=\"async\" width=\"800\" height=\"800\" src=\"https:\/\/sserpri.com\/wp-content\/uploads\/2023\/10\/Val.png\" class=\"attachment-full size-full wp-image-70\" alt=\"\" srcset=\"https:\/\/sserpri.com\/wp-content\/uploads\/2023\/10\/Val.png 800w, https:\/\/sserpri.com\/wp-content\/uploads\/2023\/10\/Val-300x300.png 300w, https:\/\/sserpri.com\/wp-content\/uploads\/2023\/10\/Val-150x150.png 150w, https:\/\/sserpri.com\/wp-content\/uploads\/2023\/10\/Val-768x768.png 768w\" sizes=\"(max-width: 800px) 100vw, 800px\" \/>\t\t\t\t\t\t\t\t\t\t\t\t\t\t\t<\/div>\n\t\t\t\t<\/div>\n\t\t\t\t<\/div>\n\t\t<div class=\"elementor-element elementor-element-2a1cfb5 e-con-full e-flex e-con e-child\" data-id=\"2a1cfb5\" data-element_type=\"container\" data-settings=\"{&quot;content_width&quot;:&quot;full&quot;}\">\n\t\t\t\t<div class=\"elementor-element elementor-element-ede8a9e elementor-widget elementor-widget-heading\" data-id=\"ede8a9e\" data-element_type=\"widget\" data-widget_type=\"heading.default\">\n\t\t\t\t<div class=\"elementor-widget-container\">\n\t\t\t<h2 class=\"elementor-heading-title elementor-size-default\">Valores<\/h2>\t\t<\/div>\n\t\t\t\t<\/div>\n\t\t\t\t<div class=\"elementor-element elementor-element-87e6ba7 elementor-widget elementor-widget-text-editor\" data-id=\"87e6ba7\" data-element_type=\"widget\" data-widget_type=\"text-editor.default\">\n\t\t\t\t<div class=\"elementor-widget-container\">\n\t\t\t\t\t\t\t<p>Orientaci\u00f3n a la calidad en el servicio. Capacitaci\u00f3n continua. Conciencia social.<\/p>\t\t\t\t\t\t<\/div>\n\t\t\t\t<\/div>\n\t\t\t\t<div class=\"elementor-element elementor-element-c34cc5e elementor-widget elementor-widget-heading\" data-id=\"c34cc5e\" data-element_type=\"widget\" data-widget_type=\"heading.default\">\n\t\t\t\t<div class=\"elementor-widget-container\">\n\t\t\t<h2 class=\"elementor-heading-title elementor-size-default\">Objetivo social<\/h2>\t\t<\/div>\n\t\t\t\t<\/div>\n\t\t\t\t<div class=\"elementor-element elementor-element-4ebf645 elementor-widget elementor-widget-text-editor\" data-id=\"4ebf645\" data-element_type=\"widget\" data-widget_type=\"text-editor.default\">\n\t\t\t\t<div class=\"elementor-widget-container\">\n\t\t\t\t\t\t\t<p>Es proporcionar servicios de seguridad en inmuebles y custodia de trasporte dirigido a la industria, la banca, el comercio nacional e internacional para entidades p\u00fablicas y privadas, instituciones educativas, culturales y recreativas, hoteles, bodegas, edificios, centros comerciales, zonas francas, as\u00ed como atender necesidades de tecnolog\u00eda: sistemas de alarmas, cercas el\u00e9ctricas CC.TV, GPS entre otros.<\/p><p><strong>Nuestro prop\u00f3sito es <\/strong><strong>TRABAJAR EN BENEFICIO DE SU TRANQUILIDAD<\/strong><\/p>\t\t\t\t\t\t<\/div>\n\t\t\t\t<\/div>\n\t\t\t\t<\/div>\n\t\t\t\t\t<\/div>\n\t\t\t\t<\/div>\n\t\t\t\t<section class=\"elementor-section elementor-top-section elementor-element elementor-element-13f64a52 elementor-section-boxed elementor-section-height-default elementor-section-height-default\" data-id=\"13f64a52\" data-element_type=\"section\" data-settings=\"{&quot;background_background&quot;:&quot;classic&quot;}\">\n\t\t\t\t\t\t<div class=\"elementor-container elementor-column-gap-no\">\n\t\t\t\t\t<div class=\"elementor-column elementor-col-100 elementor-top-column elementor-element elementor-element-54f050c7\" data-id=\"54f050c7\" data-element_type=\"column\">\n\t\t\t<div class=\"elementor-widget-wrap elementor-element-populated\">\n\t\t\t\t\t\t\t\t<section class=\"elementor-section elementor-inner-section elementor-element elementor-element-30e4c9 elementor-section-boxed elementor-section-height-default elementor-section-height-default elementor-invisible\" data-id=\"30e4c9\" data-element_type=\"section\" data-settings=\"{&quot;animation&quot;:&quot;zoomIn&quot;}\">\n\t\t\t\t\t\t<div class=\"elementor-container elementor-column-gap-no\">\n\t\t\t\t\t<div class=\"elementor-column elementor-col-100 elementor-inner-column elementor-element elementor-element-5c11908a\" data-id=\"5c11908a\" data-element_type=\"column\">\n\t\t\t<div class=\"elementor-widget-wrap elementor-element-populated\">\n\t\t\t\t\t\t\t\t<div class=\"elementor-element elementor-element-1b293c1e elementor-widget elementor-widget-heading\" data-id=\"1b293c1e\" data-element_type=\"widget\" data-widget_type=\"heading.default\">\n\t\t\t\t<div class=\"elementor-widget-container\">\n\t\t\t<h2 class=\"elementor-heading-title elementor-size-default\">Algunos de nuestros clientes<\/h2>\t\t<\/div>\n\t\t\t\t<\/div>\n\t\t\t\t\t<\/div>\n\t\t<\/div>\n\t\t\t\t\t\t\t<\/div>\n\t\t<\/section>\n\t\t\t\t<section class=\"elementor-section elementor-inner-section elementor-element elementor-element-52e0dd9a elementor-section-content-middle elementor-section-boxed elementor-section-height-default elementor-section-height-default elementor-invisible\" data-id=\"52e0dd9a\" data-element_type=\"section\" data-settings=\"{&quot;animation&quot;:&quot;zoomIn&quot;}\">\n\t\t\t\t\t\t<div class=\"elementor-container elementor-column-gap-no\">\n\t\t\t\t\t<div class=\"elementor-column elementor-col-25 elementor-inner-column elementor-element elementor-element-3ffa6f20\" data-id=\"3ffa6f20\" data-element_type=\"column\">\n\t\t\t<div class=\"elementor-widget-wrap elementor-element-populated\">\n\t\t\t\t\t\t\t\t<div class=\"elementor-element elementor-element-33797832 elementor-widget elementor-widget-image\" data-id=\"33797832\" data-element_type=\"widget\" data-widget_type=\"image.default\">\n\t\t\t\t<div class=\"elementor-widget-container\">\n\t\t\t\t\t\t\t\t\t\t\t\t\t\t\t<img loading=\"lazy\" decoding=\"async\" width=\"150\" height=\"150\" src=\"https:\/\/sserpri.com\/wp-content\/uploads\/2023\/10\/econo300x300-150x150.png\" class=\"attachment-thumbnail size-thumbnail wp-image-229\" alt=\"\" srcset=\"https:\/\/sserpri.com\/wp-content\/uploads\/2023\/10\/econo300x300-150x150.png 150w, https:\/\/sserpri.com\/wp-content\/uploads\/2023\/10\/econo300x300.png 300w\" sizes=\"(max-width: 150px) 100vw, 150px\" \/>\t\t\t\t\t\t\t\t\t\t\t\t\t\t\t<\/div>\n\t\t\t\t<\/div>\n\t\t\t\t\t<\/div>\n\t\t<\/div>\n\t\t\t\t<div class=\"elementor-column elementor-col-25 elementor-inner-column elementor-element elementor-element-375b012\" data-id=\"375b012\" data-element_type=\"column\">\n\t\t\t<div class=\"elementor-widget-wrap elementor-element-populated\">\n\t\t\t\t\t\t\t\t<div class=\"elementor-element elementor-element-1c0b4277 elementor-widget elementor-widget-image\" data-id=\"1c0b4277\" data-element_type=\"widget\" data-widget_type=\"image.default\">\n\t\t\t\t<div class=\"elementor-widget-container\">\n\t\t\t\t\t\t\t\t\t\t\t\t\t\t\t<img loading=\"lazy\" decoding=\"async\" width=\"150\" height=\"150\" src=\"https:\/\/sserpri.com\/wp-content\/uploads\/2023\/10\/coopesana300x300-150x150.png\" class=\"attachment-thumbnail size-thumbnail wp-image-230\" alt=\"\" srcset=\"https:\/\/sserpri.com\/wp-content\/uploads\/2023\/10\/coopesana300x300-150x150.png 150w, https:\/\/sserpri.com\/wp-content\/uploads\/2023\/10\/coopesana300x300.png 300w\" sizes=\"(max-width: 150px) 100vw, 150px\" \/>\t\t\t\t\t\t\t\t\t\t\t\t\t\t\t<\/div>\n\t\t\t\t<\/div>\n\t\t\t\t\t<\/div>\n\t\t<\/div>\n\t\t\t\t<div class=\"elementor-column elementor-col-25 elementor-inner-column elementor-element elementor-element-56c7ec44\" data-id=\"56c7ec44\" data-element_type=\"column\">\n\t\t\t<div class=\"elementor-widget-wrap elementor-element-populated\">\n\t\t\t\t\t\t\t\t<div class=\"elementor-element elementor-element-b635dfa elementor-widget elementor-widget-image\" data-id=\"b635dfa\" data-element_type=\"widget\" data-widget_type=\"image.default\">\n\t\t\t\t<div class=\"elementor-widget-container\">\n\t\t\t\t\t\t\t\t\t\t\t\t\t\t\t<img loading=\"lazy\" decoding=\"async\" width=\"150\" height=\"150\" src=\"https:\/\/sserpri.com\/wp-content\/uploads\/2023\/10\/z300x300-150x150.png\" class=\"attachment-thumbnail size-thumbnail wp-image-231\" alt=\"\" srcset=\"https:\/\/sserpri.com\/wp-content\/uploads\/2023\/10\/z300x300-150x150.png 150w, https:\/\/sserpri.com\/wp-content\/uploads\/2023\/10\/z300x300.png 300w\" sizes=\"(max-width: 150px) 100vw, 150px\" \/>\t\t\t\t\t\t\t\t\t\t\t\t\t\t\t<\/div>\n\t\t\t\t<\/div>\n\t\t\t\t\t<\/div>\n\t\t<\/div>\n\t\t\t\t<div class=\"elementor-column elementor-col-25 elementor-inner-column elementor-element elementor-element-a762111\" data-id=\"a762111\" data-element_type=\"column\">\n\t\t\t<div class=\"elementor-widget-wrap elementor-element-populated\">\n\t\t\t\t\t\t\t\t<div class=\"elementor-element elementor-element-31eae1bd elementor-widget elementor-widget-image\" data-id=\"31eae1bd\" data-element_type=\"widget\" data-widget_type=\"image.default\">\n\t\t\t\t<div class=\"elementor-widget-container\">\n\t\t\t\t\t\t\t\t\t\t\t\t\t\t\t<img loading=\"lazy\" decoding=\"async\" width=\"150\" height=\"150\" src=\"https:\/\/sserpri.com\/wp-content\/uploads\/2023\/10\/servimart300x300-150x150.png\" class=\"attachment-thumbnail size-thumbnail wp-image-233\" alt=\"\" srcset=\"https:\/\/sserpri.com\/wp-content\/uploads\/2023\/10\/servimart300x300-150x150.png 150w, https:\/\/sserpri.com\/wp-content\/uploads\/2023\/10\/servimart300x300.png 300w\" sizes=\"(max-width: 150px) 100vw, 150px\" \/>\t\t\t\t\t\t\t\t\t\t\t\t\t\t\t<\/div>\n\t\t\t\t<\/div>\n\t\t\t\t\t<\/div>\n\t\t<\/div>\n\t\t\t\t\t\t\t<\/div>\n\t\t<\/section>\n\t\t\t\t<section class=\"elementor-section elementor-inner-section elementor-element elementor-element-b090974 elementor-section-content-middle elementor-section-boxed elementor-section-height-default elementor-section-height-default elementor-invisible\" data-id=\"b090974\" data-element_type=\"section\" data-settings=\"{&quot;animation&quot;:&quot;zoomIn&quot;}\">\n\t\t\t\t\t\t<div class=\"elementor-container elementor-column-gap-no\">\n\t\t\t\t\t<div class=\"elementor-column elementor-col-25 elementor-inner-column elementor-element elementor-element-8a0a4f2\" data-id=\"8a0a4f2\" data-element_type=\"column\">\n\t\t\t<div class=\"elementor-widget-wrap elementor-element-populated\">\n\t\t\t\t\t\t\t\t<div class=\"elementor-element elementor-element-efd971a elementor-widget elementor-widget-image\" data-id=\"efd971a\" data-element_type=\"widget\" data-widget_type=\"image.default\">\n\t\t\t\t<div class=\"elementor-widget-container\">\n\t\t\t\t\t\t\t\t\t\t\t\t\t\t\t<img loading=\"lazy\" decoding=\"async\" width=\"150\" height=\"150\" src=\"https:\/\/sserpri.com\/wp-content\/uploads\/2023\/10\/trasnport300x300-150x150.png\" class=\"attachment-thumbnail size-thumbnail wp-image-232\" alt=\"\" srcset=\"https:\/\/sserpri.com\/wp-content\/uploads\/2023\/10\/trasnport300x300-150x150.png 150w, https:\/\/sserpri.com\/wp-content\/uploads\/2023\/10\/trasnport300x300.png 300w\" sizes=\"(max-width: 150px) 100vw, 150px\" \/>\t\t\t\t\t\t\t\t\t\t\t\t\t\t\t<\/div>\n\t\t\t\t<\/div>\n\t\t\t\t\t<\/div>\n\t\t<\/div>\n\t\t\t\t<div class=\"elementor-column elementor-col-25 elementor-inner-column elementor-element elementor-element-e9b65b1\" data-id=\"e9b65b1\" data-element_type=\"column\">\n\t\t\t<div class=\"elementor-widget-wrap elementor-element-populated\">\n\t\t\t\t\t\t\t\t<div class=\"elementor-element elementor-element-6d28eed elementor-widget elementor-widget-image\" data-id=\"6d28eed\" data-element_type=\"widget\" data-widget_type=\"image.default\">\n\t\t\t\t<div class=\"elementor-widget-container\">\n\t\t\t\t\t\t\t\t\t\t\t\t\t\t\t<img loading=\"lazy\" decoding=\"async\" width=\"150\" height=\"150\" src=\"https:\/\/sserpri.com\/wp-content\/uploads\/2023\/10\/la-paco300x300-150x150.png\" class=\"attachment-thumbnail size-thumbnail wp-image-234\" alt=\"\" srcset=\"https:\/\/sserpri.com\/wp-content\/uploads\/2023\/10\/la-paco300x300-150x150.png 150w, https:\/\/sserpri.com\/wp-content\/uploads\/2023\/10\/la-paco300x300.png 300w\" sizes=\"(max-width: 150px) 100vw, 150px\" \/>\t\t\t\t\t\t\t\t\t\t\t\t\t\t\t<\/div>\n\t\t\t\t<\/div>\n\t\t\t\t\t<\/div>\n\t\t<\/div>\n\t\t\t\t<div class=\"elementor-column elementor-col-25 elementor-inner-column elementor-element elementor-element-f8a55cf\" data-id=\"f8a55cf\" data-element_type=\"column\">\n\t\t\t<div class=\"elementor-widget-wrap elementor-element-populated\">\n\t\t\t\t\t\t\t\t<div class=\"elementor-element elementor-element-f13c8ac elementor-widget elementor-widget-image\" data-id=\"f13c8ac\" data-element_type=\"widget\" data-widget_type=\"image.default\">\n\t\t\t\t<div class=\"elementor-widget-container\">\n\t\t\t\t\t\t\t\t\t\t\t\t\t\t\t<img loading=\"lazy\" decoding=\"async\" width=\"150\" height=\"150\" src=\"https:\/\/sserpri.com\/wp-content\/uploads\/2023\/10\/indeco300x300-150x150.png\" class=\"attachment-thumbnail size-thumbnail wp-image-235\" alt=\"\" srcset=\"https:\/\/sserpri.com\/wp-content\/uploads\/2023\/10\/indeco300x300-150x150.png 150w, https:\/\/sserpri.com\/wp-content\/uploads\/2023\/10\/indeco300x300.png 300w\" sizes=\"(max-width: 150px) 100vw, 150px\" \/>\t\t\t\t\t\t\t\t\t\t\t\t\t\t\t<\/div>\n\t\t\t\t<\/div>\n\t\t\t\t\t<\/div>\n\t\t<\/div>\n\t\t\t\t<div class=\"elementor-column elementor-col-25 elementor-inner-column elementor-element elementor-element-4d0e6a8\" data-id=\"4d0e6a8\" data-element_type=\"column\">\n\t\t\t<div class=\"elementor-widget-wrap elementor-element-populated\">\n\t\t\t\t\t\t\t\t<div class=\"elementor-element elementor-element-50446bd elementor-widget elementor-widget-image\" data-id=\"50446bd\" data-element_type=\"widget\" data-widget_type=\"image.default\">\n\t\t\t\t<div class=\"elementor-widget-container\">\n\t\t\t\t\t\t\t\t\t\t\t\t\t\t\t<img loading=\"lazy\" decoding=\"async\" width=\"150\" height=\"150\" src=\"https:\/\/sserpri.com\/wp-content\/uploads\/2023\/10\/global300x300-150x150.png\" class=\"attachment-thumbnail size-thumbnail wp-image-236\" alt=\"\" srcset=\"https:\/\/sserpri.com\/wp-content\/uploads\/2023\/10\/global300x300-150x150.png 150w, https:\/\/sserpri.com\/wp-content\/uploads\/2023\/10\/global300x300.png 300w\" sizes=\"(max-width: 150px) 100vw, 150px\" \/>\t\t\t\t\t\t\t\t\t\t\t\t\t\t\t<\/div>\n\t\t\t\t<\/div>\n\t\t\t\t\t<\/div>\n\t\t<\/div>\n\t\t\t\t\t\t\t<\/div>\n\t\t<\/section>\n\t\t\t\t\t<\/div>\n\t\t<\/div>\n\t\t\t\t\t\t\t<\/div>\n\t\t<\/section>\n\t\t\t\t\t\t\t<\/div>\n\t\t","protected":false},"excerpt":{"rendered":"<p>\u00bfQui\u00e9nes somos? Servicios de Seguridad Privada SERPRI S.R.L., se form\u00f3 y comenz\u00f3 sus labores en el a\u00f1o 2008 desde entonces y de manera ininterrumpida brindando servicios de vigilancia y seguridad privada, seguridad personal, comercial, industrial, CCT-V, cercas el\u00e9ctricas, consultor\u00edas e investigaci\u00f3n a empresas transnacionales. Nos hemos consolidado mediante una cultura corporativa que identifica, aprovecha y [&hellip;]<\/p>\n","protected":false},"author":1,"featured_media":0,"parent":0,"menu_order":0,"comment_status":"closed","ping_status":"closed","template":"","meta":{"footnotes":""},"blocksy_meta":"","_links":{"self":[{"href":"https:\/\/sserpri.com\/index.php\/wp-json\/wp\/v2\/pages\/12"}],"collection":[{"href":"https:\/\/sserpri.com\/index.php\/wp-json\/wp\/v2\/pages"}],"about":[{"href":"https:\/\/sserpri.com\/index.php\/wp-json\/wp\/v2\/types\/page"}],"author":[{"embeddable":true,"href":"https:\/\/sserpri.com\/index.php\/wp-json\/wp\/v2\/users\/1"}],"replies":[{"embeddable":true,"href":"https:\/\/sserpri.com\/index.php\/wp-json\/wp\/v2\/comments?post=12"}],"version-history":[{"count":52,"href":"https:\/\/sserpri.com\/index.php\/wp-json\/wp\/v2\/pages\/12\/revisions"}],"predecessor-version":[{"id":266,"href":"https:\/\/sserpri.com\/index.php\/wp-json\/wp\/v2\/pages\/12\/revisions\/266"}],"wp:attachment":[{"href":"https:\/\/sserpri.com\/index.php\/wp-json\/wp\/v2\/media?parent=12"}],"curies":[{"name":"wp","href":"https:\/\/api.w.org\/{rel}","templated":true}]}}